9 + b. Is x - 1 - 13*-7 composite?
True
Let q be 4/8 + 12/8. Suppose q*m = -3*t + 1916, -5*t - 1937 = 2*m - 5129. Suppose -t = -5*k + 3*k. Is k a prime number?
False
Let h(f) = f**3 - 6*f - 3. Let p be h(5). Let y(k) = -105*k**2 - 5*k + 2*k + 283*k**2 + 2 + p*k**2. Is y(1) prime?
True
Let j = 3 + 7. Suppose 0 = 9*r - j*r. Suppose -3*c + w + 593 = r, 2*c + w = 240 + 162. Is c a composite number?
False
Let i = 25962 - 15230. Suppose 0 = 8*a - 4*a - i. Is a composite?
False
Let j be 4*(0 + (-422)/(-8)). Let c(n) = -n**3 - 18*n**2 + 18*n - 15. Let q be c(-19). Suppose -j = -5*l + q*l. Is l composite?
False
Suppose 2*p + 3*n - 1378 = -n, -5*n - 1414 = -2*p. Is (-16)/40 + p/5 composite?
False
Suppose -37*k + 17465 = -30*k. Is k a composite number?
True
Let v = 6719 - 1978. Is v a composite number?
True
Let b(f) = 3*f. Let i be b(1). Let a be (1/i)/((-7)/(-105)). Suppose a*l - 866 = 569. Is l a composite number?
True
Let k(h) = -2*h**2 + h**2 + 2 - 1 + 51*h**3. Let z = 257 - 256. Is k(z) a composite number?
True
Let a be ((-7)/(-3))/((-2)/6). Let i(z) = 9*z - 3*z**2 - 3 - 6 + 6*z**2 + 8*z**2. Is i(a) a prime number?
True
Let v = 312 + 193. Is v a prime number?
False
Let j = -87 + 106. Is j prime?
True
Suppose -5*p = 5*n - 26585 - 1445, -28009 = -5*n + 2*p. Is n a composite number?
True
Let w(c) = c**3 - 5*c**2 + 5*c - 1. Let i be w(4). Suppose -i*l + 242 = p - 183, -l + 145 = 2*p. Is l a prime number?
False
Let z = 1774 + -398. Let h = z - 967. Is h composite?
False
Let w be ((-4 + 2)*-3 - 3) + -1. Suppose 3*l - 194 = -n, -2*n + 217 + 151 = w*l. Is n composite?
False
Suppose 0 = 5*w - 4*w - 2. Suppose -15 = -3*q - w*q. Suppose 3*p - 168 = -3*c, 5*p = q*c - 79 - 81. Is c a composite number?
True
Suppose u = 2*r - 4 + 14, -3*u + 4*r + 34 = 0. Let v = -16 + u. Is 1*(v - -1) + 114 composite?
False
Let s(b) be the first derivative of 2*b**3/3 - 3*b**2 - 6*b - 1. Let a be s(5). Is (-1606)/(-14) + 4/a a prime number?
False
Let m(c) = 5388*c**3 - 16*c**2 + 14*c + 1. Is m(1) a composite number?
False
Let r(g) = 43*g**2 + 6*g + 5. Is r(-4) a prime number?
False
Let f(c) = -8*c**3 + 2*c**2 - 3*c + 4. Let g be f(2). Let b(u) = -2*u**2 + 7*u + 4. Let x be b(-5). Let z = g - x. Is z a composite number?
False
Is (3/(-8))/((-165)/11149160) composite?
False
Let y(d) = -4749*d + 284. Is y(-5) a prime number?
True
Suppose -4*v + 39 = 3*g, -3*g + 5 = -4*v - 10. Suppose 6055 = -g*i + 16*i. Is i a prime number?
False
Suppose 2*s - l - 11 = 1, -3*s + 25 = -5*l. Let x(n) = 10*n**2 - 6*n - 7. Is x(s) a prime number?
False
Let n(l) be the second derivative of -l**4/12 - 3*l**3 + 7*l**2 - 9*l. Is n(-17) a prime number?
True
Let c(p) = -3*p**3 + 4*p**2 + 2*p + 180413. Is c(0) prime?
True
Let y = -787 + 335. Let g = 387 - y. Is g prime?
True
Let m(j) be the second derivative of 11*j**3/3 + 9*j**2/2 - j. Is m(11) a composite number?
False
Let q = -315 - -561. Suppose 0 = -3*r + 6*r - q. Is r a prime number?
False
Suppose -16226 - 1252 = o. Is 38/10 + -4 + o/(-15) a prime number?
False
Let p(v) = -3*v + 586 + 663 + 312. Is p(0) composite?
True
Let h be (4 + -4)*(-1)/5. Suppose 3*j - 6*j + 3633 = h. Is j composite?
True
Let k be (-5 + -15)*(-3)/12. Suppose -316 = k*n - 13211. Is n a composite number?
False
Suppose 4458 = -4*x + 10*x. Is x a prime number?
True
Let r(h) = 2*h**2 + h + 1. Let t be r(-1). Is t/(6 - -2) + (-17286)/(-8) a composite number?
False
Suppose 54 = 7*a - 9. Let l(c) = 110*c + 1. Is l(a) a prime number?
True
Let h = 3254 + -1440. Suppose 3*j - h = j. Suppose -12 = 5*t - j. Is t a composite number?
False
Suppose -3*u - 5*o = 50, 4*u + o - 6*o + 20 = 0. Is 1568/5 - 4/u composite?
True
Suppose 3*s - 18 = -0*s - 3*i, 5*s + 3*i - 24 = 0. Suppose 6 = -4*t + s*z, 0 = -2*z - 1 + 5. Suppose 47 = d - t*d. Is d composite?
False
Suppose 2*m = -3*h - 29 + 11, -5*m + 2*h - 64 = 0. Let z = m - -15. Suppose -273 = z*t - 6*t. Is t prime?
False
Let d(t) = -113*t - 1. Let s be d(-1). Let q = 44 - 95. Let h = s - q. Is h composite?
False
Let c = 4 - -10. Let h(t) = -t**2 + 13*t + 16. Let v be h(c). Is (-38)/(-4)*1*v composite?
False
Suppose 17*x - 35*x + 14166 = 0. Is x a prime number?
True
Let h(c) = -c**3 - 22*c**2 + 25*c + 35. Let a(i) = -5*i**2 + 15*i - 4. Let z be a(4). Is h(z) prime?
True
Suppose -d + 1471 = 240. Let p = -1628 - -2853. Suppose m + p = 5*u - u, -4*u - m = -d. Is u a prime number?
True
Let j(i) = -92*i - 4. Let d be j(2). Let s be 7*-2*d/8. Suppose 212 = b - s. Is b a prime number?
True
Let w = -139 - -142. Suppose 5*p + 6*f = 10*f + 20781, 8294 = 2*p + w*f. Is p prime?
True
Let j(d) = -d. Let h(t) = -47*t - 4. Let m(v) = h(v) - 2*j(v). Let c = -3 - 0. Is m(c) a composite number?
False
Suppose 25*l - 19*l = 102246. Let o = l - 7364. Is o prime?
True
Suppose -24 = -2*k - m, 0*m = -4*m - 16. Suppose -k*l - 402 = -20*l. Is l a prime number?
True
Let k(n) = 7*n + 49. Let j be k(-6). Suppose 3058 + 1611 = j*w. Is w a prime number?
False
Let n be -1 + 35 + 4/2. Let i be -1 - 7*3/(-3). Is 1 + n - (i - 6) prime?
True
Let l = 2707 + -1879. Let v = l + -337. Is v a composite number?
False
Let f(j) = 73*j + 49. Let p = 92 - 70. Is f(p) a composite number?
True
Suppose 20 = -4*g, 3*g - g + 10 = -a. Suppose 3*q + q + 8 = a, 4*o - 3078 = 5*q. Is o composite?
True
Let i(y) be the second derivative of 5*y**3/3 - 27*y**2/2 + 35*y. Is i(3) a composite number?
False
Let w(q) = -q**2 + 4. Let m be w(2). Suppose -125 + 1348 = i - 3*n, m = -4*i + n + 4870. Is i composite?
False
Let p = 19 - 14. Suppose -3*n + 592 = 5*f + 3740, p*n + 5276 = -f. Is (-1)/(-1 + n/(-1059)) a prime number?
True
Is (-1)/(1 - 3) + (-382090)/(-20) composite?
True
Suppose -2*m + 2*g = 2*m - 578, -4*m + 569 = -5*g. Let o = m + 297. Is o prime?
True
Let w = 6 + -16. Let s be (-3)/(-3 + (-33)/w). Let t(v) = -v - 4. Is t(s) a prime number?
False
Suppose 13076 = 5*v + y - 17465, -y = -4*v + 24440. Is v composite?
True
Let m be (0 - 0)/((-8)/(-4)). Suppose m = -3*r - 3198 - 1971. Let z = r - -2778. Is z prime?
False
Suppose -4*c - 4*q + 49467 = -c, 0 = -4*q - 12. Is c a prime number?
True
Let n = 1078 + 17559. Is n composite?
False
Suppose -4*t - 4*m = -24, 4*t - 3*m = 2*m + 33. Let c = -3 + t. Suppose -5*i - 2*p = -0*i - 435, -c*i + 341 = 3*p. Is i a prime number?
True
Suppose 0 = -4*d + 2*d + 6. Let g be ((-74)/4)/((-2)/36). Suppose d*j - 2*l = g, 4*j = -3*l + 216 + 245. Is j prime?
True
Suppose 3*i = -4*h + 9, -h + 5*i = -0*h - 8. Is h - (4 - 4 - 130) a composite number?
True
Suppose -2*x - 63 = 19. Let f = -1 - -49. Let n = f - x. Is n composite?
False
Let f(t) = 5*t**2 - 13*t - 2. Let y be (-6)/(-14) + 78/14. Let p(w) = 4*w**2 - 14*w - 1. Let z(d) = y*f(d) - 5*p(d). Is z(5) a prime number?
False
Let c(k) = -9153*k - 316. Is c(-3) a prime number?
True
Let h(f) = -399*f + 1. Let p be h(-1). Suppose -61*y = -45*y - 144. Let q = p + y. Is q prime?
True
Let w(p) = -p**3 - 4*p**2 - 2*p - 5. Let r be w(-4). Let u(x) = -r - 3*x**3 + 24 + 2*x**3 - x. Is u(0) prime?
False
Suppose -u + 23922 = 2*a, -7*a + 3*a + 47868 = -4*u. Is a prime?
False
Let j be -3 + (-5)/(5/(-2)). Let i(h) = -17*h. Let w be i(j). Let r = w - 10. Is r composite?
False
Let d(k) be the third derivative of -k**6/8 + k**5/20 + k**4/24 + 2*k**3/3 + 13*k**2. Is d(-5) a composite number?
False
Let z(o) = 90*o**2 + 14*o + 1. Let f be (-5 + 0/(-5))/(-1). Is z(f) a prime number?
False
Let v(k) = -197*k + 3. Let x be v(2). Let h(c) = -20*c**2 + c + 1. Let w be h(-1). Let o = w - x. Is o composite?
True
Suppose 0 = 163*f - 162*f + 4*h - 22305, 0 = 5*h + 5. Is f prime?
False
Is 70232 - -111 - 5/((-5)/(-2)) a prime number?
False
Suppose -3*d - 33 = 3*c, 5*c + d = -d - 40. Let k(g) = -g**2 - 6*g. Let s be k(c). Suppose -4*a + 43 + 49 = s. Is a a prime number?
True
Suppose u + u + 4*c = -8588, 12867 = -3*u - 3*c. Is 3 - ((-2)/(-2) - u/(-4)) composite?
True
Let g be (-20)/(-4)*(-2 - (-57)/15). Let f(b) = 2*b**3 + 3*b**2 + 14*b + 4. Is f(g) prime?
True
Let v be 1 - ((-402640)/6 - (-72)/(-54)). Suppose 7*u = 14*u - v. Is u a prime number?
True
Is 1/((1/(-3))/((-523076)/12)) composite?
False
Suppose 5*j - 4*i - 13196 = j, 0 = 5*i. Is j composite?
False
Let z = -4644 + 15221. Is z prime?
False
Let r = 9 - 13. Let x(v) = 3*v**2 - 11. Is x(r) prime?
True
Suppose 783